 - 5. Let x(d) = 2*d**2 - 2*d. Let o be x(2). What are the prime factors of n(o)?
43
Let w(m) = -m**3 + 13*m**2 - 2*m + 26. What are the prime factors of w(10)?
2, 3, 17
Suppose -x + 5*c + 2 = 4*c, 0 = -2*x + 3*c. Suppose -x*h - 498 = -12*h. List the prime factors of h.
83
Let n be (464/(-40))/(1/(-5)). Suppose n = 3*p - p. What are the prime factors of p?
29
Suppose -12*g = 27*g - 31434. What are the prime factors of g?
2, 13, 31
Let v(s) = 11*s + 13. Let u(q) = q**2 - 12*q - 14. Let l(y) = 3*u(y) + 4*v(y). Let n = 2461 - 2466. What are the prime factors of l(n)?
3, 5
Suppose -360*x = -345*x - 14775. What are the prime factors of x?
5, 197
Suppose 10*r = 20*r - 50. Suppose 2*m - 219 = r*q, 5*q = -2*m + 7*q + 234. List the prime factors of m.
2, 61
Let w(v) = -5*v**3 - 2*v**2 - 2*v - 1. Let h be w(-1). Suppose -p + 0*r = 5*r - 25, -5*r = -h*p. List the prime factors of p.
5
Suppose -10*t + 11*t + 7 = 0. Let v be (-2)/t + 120/21. List the prime factors of 868/21 - 2/v.
41
Let p be 3 - (7 + -2 + -2). Suppose -4*x - 5*k = -42, p*x + 4*x - 46 = -3*k. List the prime factors of x.
13
Let j(x) = -x**2 + 6*x + 4. Let i(d) = -3*d**2 + 19*d + 11. Let k(h) = 2*i(h) - 7*j(h). Let s be k(-4). What are the prime factors of (s/2 - 1) + 2?
2, 7
Let h = 6094 - 3137. List the prime factors of h.
2957
Let j = 10 - 6. Let t be (-2)/(87/(-30) + (-5)/(-2)). Suppose t*y - 6 = j. What are the prime factors of y?
2
Let j(n) = 57*n + 47. Let c(i) = 455*i + 375. Let v(r) = 3*c(r) - 25*j(r). What are the prime factors of v(-4)?
2, 5, 19
Let a = 236 - -1105. List the prime factors of a.
3, 149
Let m(x) = 2*x**3 - 2*x**2 - x + 3. Let t be m(3). Suppose -4*h + h - t = 0. What are the prime factors of (-1)/((-20)/h + -2)?
3
Let v(s) = -s + 12. Let f be v(10). Suppose 0 = f*p - 10*p + 136. What are the prime factors of p?
17
Let q(i) = 13*i**2 - 21. What are the prime factors of q(4)?
11, 17
Suppose 0 = 2*u - 6, -4*m + u + 255 = -30. What are the prime factors of m?
2, 3
Let p = -1867 + 3004. What are the prime factors of p?
3, 379
Suppose -5*d + 44 = -76. What are the prime factors of -7 + (-4 - -7) + d?
2, 5
Suppose -2*t = -p - 1411, 93*t + 3520 = 98*t - p. List the prime factors of t.
19, 37
Suppose 7*h = 8*h - 9. Suppose -3*k = -5*m + 192, h*m - 4*m = -k + 176. Suppose 3*n = -4*u - u + 224, u - m = -5*n. List the prime factors of u.
2, 23
Suppose -12*n + 5071 = -n. What are the prime factors of n?
461
Let j be (-4 - -4)/(-4) + 268. Let z be (-32)/(-48) + j/3. Suppose -r = r - z. What are the prime factors of r?
3, 5
Let k(b) = b**3 + 2*b**2 + 2. Let o be k(-2). Let r be (o + 2)/(1 + 0). List the prime factors of (8/r + 1)*9.
3
Let l = 30 + -32. Let o be 5837/91 + l/14. Let d = o + -34. List the prime factors of d.
2, 3, 5
Suppose -2*q + 1 = 4*z - 3, -5*q + 4 = 4*z. Suppose -a + 30 + 3 = q. List the prime factors of a/6*2 - -3.
2, 7
Suppose 0 = -4*t - m + 8047, -3*t + 2150 + 3884 = m. What are the prime factors of t?
3, 11, 61
Suppose 5*t - 2643 = -5*v + t, 2106 = 4*v - t. Suppose 3*s + 68 = v. List the prime factors of s.
3, 17
Suppose 2*l = 3*h - 4 + 5, 0 = h - 3*l + 12. Suppose -5*k = u - 169, -u - h*k + 171 = -0*u. List the prime factors of u.
2, 3, 29
Let b = -226 + 596. What are the prime factors of b?
2, 5, 37
Suppose -6*x + 20 + 3820 = 0. List the prime factors of x.
2, 5
What are the prime factors of 15/(-35) - 1977/(-14)*2?
2, 3, 47
Let x be -6 + (-24)/(-6) + (3 - 1). Suppose 0*c - 2*c = -3*f + 344, -5*f - 3*c + 567 = x. What are the prime factors of f?
2, 3, 19
Let m = 3 - 4. Let y = 2 - m. Suppose 0*s = -s - 4, y*x - 3*s = 36. What are the prime factors of x?
2
Let c(g) = g**3 + 5*g**2 + 4*g. Let b be c(-4). Suppose b = 7*m - 0*m - 364. List the prime factors of m.
2, 13
Let k = -226 - -140. Let z(f) = 2*f. Let m be z(1). List the prime factors of k/(-5)*5/m.
43
Suppose -5*d = -4*r - 1002, 0*d - d = -3*r - 196. List the prime factors of d.
2, 101
Suppose 27*i - 32 = 23*i. List the prime factors of 56 - 1 - (i + -6).
53
Suppose -3*l + c + 3385 = 0, 19 = -2*c + 17. List the prime factors of l.
2, 3, 47
Let s(q) = -2*q. Let z be s(5). Let k be (-48)/(-2)*(-5)/z. List the prime factors of (-358)/(-12) - (-2)/k.
2, 3, 5
Let b = -159 + 163. Suppose j - 5*a - 185 + 17 = 0, -5*j = b*a - 927. What are the prime factors of j?
3, 61
Let k(r) be the second derivative of r**4/3 - r**3/2 - 2*r**2 + 5*r. List the prime factors of k(4).
2, 3
Let p = -68 + 80. Suppose -5*b = -2*x - 416, -4*x = -0*x + p. List the prime factors of b.
2, 41
Let c(j) = -2*j**2 - 13*j - 3. Let g be c(-5). Suppose -17*o + g*o + 1450 = 0. List the prime factors of o.
2, 5, 29
Let g be 20/(-6) - 4/6. Let m be 76/18 - (-2)/(-9). List the prime factors of 15 - (m/g - -3).
13
List the prime factors of 4*-28*(170/(-20) + 4).
2, 3, 7
Suppose -42*w + 2718 = -36*w. List the prime factors of w.
3, 151
Let r(l) = 44*l**2 - 5*l - 7. List the prime factors of r(-2).
179
Let a(u) = -u**3 - u**2 + 3*u + 20. Let y be a(-8). Let g = y - 263. What are the prime factors of g?
181
Let u = 925 + -36. List the prime factors of u.
7, 127
Suppose -2 + 12 = 5*i. Suppose i*l - 4*r - 6 = -0, -r = 3*l - 9. Suppose -3*n - l*w = -60, -3*n - 5*w - 35 = -7*n. List the prime factors of n.
3, 5
Let u(v) = 3*v - 2. Let d be u(10). Let b be d/126 + (-1102)/18. Let l = -23 - b. List the prime factors of l.
2, 19
Suppose 4*j - 5*s = -2*s + 334, -3*s = 2*j - 158. Suppose l + 148 = 3*t + 2*l, 2*t + 4*l = j. What are the prime factors of t?
3, 17
Suppose -3*w - 2*y + 4*y = -429, 5*w - 2*y - 719 = 0. What are the prime factors of w?
5, 29
Suppose -n = -5*b + 3852 + 203, -5*b - 3*n + 4035 = 0. Suppose 2*j - 2*t = -3*j + b, j - t = 165. What are the prime factors of j?
2, 5
Suppose 959 + 823 = 3*m. What are the prime factors of m?
2, 3, 11
Let w = -2 + 7. Let k be w + (3 + -1 - 0). Suppose k*r - 11*r = -28. What are the prime factors of r?
7
Let s = 433 + -431. Let f(b) = -19*b**3 - 2*b**2 + 3*b + 2. Let g be f(-2). What are the prime factors of ((-4)/(-8))/(s/g)?
5, 7
Let f(c) = -2*c**2 + 92*c + 128. What are the prime factors of f(47)?
2, 17
Suppose -524*z = -530*z + 26814. List the prime factors of z.
41, 109
List the prime factors of 20*((-41)/(-5) + 2).
2, 3, 17
Suppose 28 = 13*x + x. Suppose -4*r - 1202 = -5*w, 3*w - 2*r - 238 = x*w. What are the prime factors of w?
2, 11
Let p(r) = r**3 + 7*r**2 + 11*r + 20. Let c be p(-4). List the prime factors of 796/3 - c/(-36).
2, 7, 19
Let a(z) = z**2 + 21*z - 19. Let n be a(-22). Suppose -n = -3*x, -4*u = 4*x - 99 + 11. What are the prime factors of u?
3, 7
Let r = 29 + -31. Let i be 2 + r - 2 - -9. Let x = i + -3. What are the prime factors of x?
2
Let q = 3082 + -1084. What are the prime factors of q?
2, 3, 37
Let c = 1032 + -494. List the prime factors of c.
2, 269
Let x(s) = -13*s - 23. What are the prime factors of x(-24)?
17
Suppose 25 = -5*y + 10. Let r(t) = 5*t**2 - 5*t - 3. Let j(z) = 16*z**2 - 16*z - 8. Let v(d) = y*j(d) + 10*r(d). What are the prime factors of v(-6)?
2, 3, 13
Let z(o) = 5*o**2 - 5*o**3 - 5 + 4*o**3 + 3. Let c be z(5). What are the prime factors of 4 + -2 + c - -7?
7
List the prime factors of 2 + (-4792)/(-14) + 48/(-168).
2, 43
Let p(o) = 55*o - 324. Let y be p(6). Suppose b + 4*k - 30 + 5 = 0, 5*b - 2*k = 125. Suppose -103 = -4*j + 3*l, y*l + b = l. List the prime factors of j.
2, 11
Let g(j) = 12*j - 29*j + 11*j - 1. What are the prime factors of g(-3)?
17
Suppose -926 = -2*s - 3*o, -24*s + 2293 = -19*s + 2*o. List the prime factors of s.
457
Let u(c) = -29 + 1 + 2*c**2 + 4*c - 9. What are the prime factors of u(7)?
89
Suppose 0 = -2*q + 19 + 1. Suppose b = -3*l + 6, 3*b + 2 = l + q. What are the prime factors of b?
3
Let r = -828 - -2515. What are the prime factors of r?
7, 241
Let a = 2217 + 578. List the prime factors of a.
5, 13, 43
Suppose -w + 0*w = -4, 0 = -o - 3*w + 790. What are the prime factors of o?
2, 389
Let u be (-2)/(-3)*30/(-20). Let r = 5 + u. Let a(f) = 2*f**2 - 5*f + 5. What are the prime factors of a(r)?
17
What are the prime factors of (1 + -212)/(-11 - (-1568)/144)?
3, 211
Let k = 32 - 30. Suppose -2*t = 3*b - 0*b - 222, -b - k = 0. List the prime factors of t.
2, 3, 19
Let a(m) = 31*m - 30. List the prime factors of a(3).
3, 7
Let u be (3